 -d**3 + 54*d**2 - 45*d - 100. Suppose -26*l = -30*l - 4*s + 208, 4*s + 4 = 0. List the prime factors of q(l).
2, 3
Let g(d) = -d. Let v(t) = -10 + 0*t - 8*t + 58*t**2 + 64*t**2 - 120*t**2. Let a(b) = -g(b) + v(b). List the prime factors of a(8).
2, 31
Let y(i) = -4*i**2 + 21*i + 18. Let l be y(15). Let k = l + 1049. List the prime factors of k.
2, 241
Let u(x) = 6*x**3 - 49*x**2 + x + 17. Suppose 0 = -13*y + 12*y + 10. What are the prime factors of u(y)?
7, 23
Suppose 17*t - 107682 = 1186. List the prime factors of t.
2, 1601
Let j(y) = 2*y - 1. Let a be j(0). Let t(v) = -306*v. List the prime factors of t(a).
2, 3, 17
Suppose 0 = -18*j - 150754 + 246019 + 331551. What are the prime factors of j?
2, 3, 13, 19
Suppose 9*l - 25*l + 2224 = 0. Suppose n - 101 = l. List the prime factors of n.
2, 3, 5
Suppose -4*t = 5*y - 24770, -4*y - 6*t - 7496 = -27312. List the prime factors of y.
2, 2477
Suppose y + 521*p - 516*p - 7821 = 0, -4*y + 31302 = 2*p. What are the prime factors of y?
2, 7, 13, 43
Let v be 0/(-12) + 54 + -2. List the prime factors of 1*(-4614)/9*(-78)/v.
769
Let c = 47 - 45. Let y(m) = -m**2 - 12 + 4*m**2 + c*m - 2*m**2 + 0*m. List the prime factors of y(10).
2, 3
Let l(d) be the second derivative of 29*d**4/12 + 2*d**3 + 11*d**2/2 + 5*d - 3. List the prime factors of l(-6).
983
Let i(x) = 4754*x - 98. Let v be i(7). Suppose -28*j = -7*j - v. List the prime factors of j.
2, 5, 79
Let p(g) = 4*g**3 + 207*g**2 + 61*g + 131. List the prime factors of p(-46).
3, 15331
Let j(l) = 5*l - 18 + 13 + 26*l**2 - 6. List the prime factors of j(2).
103
Suppose 0 = -4*v + 36, 112698 = 6*c + 19*v - 15*v. List the prime factors of c.
3, 11, 569
Let l(a) = a. Let n(v) = 14*v - 30. Let q(x) = x - 2. Let r(t) = -n(t) + 3*q(t). Let o(h) = -4*l(h) - r(h). List the prime factors of o(9).
3, 13
Suppose 0 = 30*j + 21*j - 31*j - 38620. What are the prime factors of j?
1931
Suppose -8*v + 546 = u - 3*v, 0 = -4*u - 4*v + 2216. Suppose -3*y = -575 - u. Let l = y + -255. List the prime factors of l.
2, 61
Suppose -32 = 2*f + 4*x, -4*x - 2 = -f + 12. Let i be f*5*(-1)/(-10). What are the prime factors of (-116 + 2 - i)*-1?
3, 37
Let j be 16/(-12) - -1291*2/6. Suppose -4*b + 3*v = 5*v - 152, -4*v + 148 = 4*b. Suppose 5*x = -b + j. What are the prime factors of x?
2, 3, 13
Let m = -5434 - -8797. List the prime factors of m.
3, 19, 59
Let r = -8215 - -12808. What are the prime factors of r?
3, 1531
Let u(c) = 208*c**2 - 21*c - 93. List the prime factors of u(-4).
3319
Let n(c) = -12 + 10 + 9 + 6*c - 4 + 8. Let a be (24/(-30))/(2/(-15)). List the prime factors of n(a).
47
Suppose -4*w + 4 = -28. Suppose -u - 5*n = 3 - w, 4*u - 4*n = -4. Suppose 369 = 5*a - k, 5*a + 0*a + k - 371 = u. What are the prime factors of a?
2, 37
Suppose -5*w - 2*l = -1258, l + 758 = 4*w - 238. Let j(m) = 5*m + 25. Let n be j(-10). What are the prime factors of 20/n*(-2 - -2 - w)?
2, 5
Let x(m) = 4*m - 8. Let a be x(5). Let t(c) = -11 - c**3 - 4*c - 2*c + a*c**2 - 2*c. What are the prime factors of t(10)?
109
Let l(d) = 10*d**2 - 64*d + 11. Let q be l(6). What are the prime factors of (351*3 + (-11 - q))/1?
5, 211
Suppose -22*x + 41*x = 684. Suppose x*w - 1272 = 34*w. What are the prime factors of w?
2, 3, 53
Suppose 0 = 39*z - 29 - 49. Suppose -z*l + 1104 = 2*f, -23*l + 5*f + 2710 = -18*l. List the prime factors of l.
547
Let a = 6428 - 3008. List the prime factors of a.
2, 3, 5, 19
Let n(v) = -2*v**2 - 11*v - 5. Let p(j) = -2*j + 29. Let g be p(17). Let d be n(g). Suppose -4*r - 5*f + 41 = d, 2*r = -r + f + 45. List the prime factors of r.
2, 7
What are the prime factors of 4340 - (-13 + 133)/8?
5, 173
Let q be (-19 - 27)/(-3 - (-3092)/1028). What are the prime factors of 154/693 + q/(-9)?
3, 73
Suppose -5*a - 8268 = -4*b + 71234, -2*b = -a - 39760. List the prime factors of b.
59, 337
Let q(v) = 15*v - 2. Let c(n) = -5*n + 12 - n + 5*n + 3*n. Let u be c(-3). What are the prime factors of q(u)?
2, 11
Let v(g) = 593*g**2 + 10*g + 10. Let a be -222 - -227 - (0 + -2)*-3. List the prime factors of v(a).
593
Let b = -228 - -231. What are the prime factors of 2/(-2)*-1 - -573 - b?
571
Let m be 7/(2 - 1)*-1. Let w(x) = 9 + 1772*x - 924*x - 881*x. What are the prime factors of w(m)?
2, 3, 5
Let d = 93 - 47. Suppose i - 19 = -d. What are the prime factors of ((-4)/((-8)/(-93)))/(i/36)?
2, 31
Let m = 20731 + -43099. What are the prime factors of m/(-84) + -11 - 2/7?
3, 5, 17
Let p = 164286 + -111684. What are the prime factors of (-4)/(-14) + p/231?
2, 3, 19
Let y(u) = 178*u**2 + 51*u + 518. What are the prime factors of y(-8)?
2, 3, 71
Suppose -16*t = -20*t - 3688. Let q = t - -1370. List the prime factors of q.
2, 7
Suppose 5*l = -0*i + 5*i - 30, -i + 2*l = -8. Suppose -c + 3*j + 60 = -14, 76 = c - i*j. Let v = -13 + c. What are the prime factors of v?
5, 11
Let g = 25363 - -1091. What are the prime factors of g?
2, 3, 4409
Suppose 0 = -2*q - 3*y - 10 + 24, 0 = 2*q + y - 6. Let h(c) = -55*c - q - 10*c - 16*c. List the prime factors of h(-2).
7, 23
Let d be (1 - -3)*(-3 + 4). List the prime factors of (d + 1 - -3)*177 + 3.
3, 11, 43
Suppose -46*u + 25990 = -52900. List the prime factors of u.
5, 7
Let h(u) = 0*u**2 - 28 - 11*u - u - u**2. Let f be h(-8). List the prime factors of (-6)/(-2) + (f - -58).
5, 13
Suppose 15 + 6 = 7*p. Suppose -p*n - 4*z + 89 = -901, -3*n + 981 = z. List the prime factors of n.
2, 163
Let n(f) = 90*f**2 - 8*f - 17. What are the prime factors of n(-4)?
3, 5, 97
Suppose 0 = z - l - 14370, 16*z - 12*z = -4*l + 57432. List the prime factors of z.
2, 3, 7, 19
Suppose -5*j + 100 = -35. Suppose j*r = 30*r - 831. What are the prime factors of r?
277
Let c be (88 - 1)/(3 + (-90)/28). Let i = c + 514. List the prime factors of i.
2, 3
Suppose 0 = 2*l + 3*k - 18747, 1130 + 45765 = 5*l + 2*k. List the prime factors of l.
3, 53, 59
Let p = 162 - 170. Let y(a) = -a**3 - 6*a**2 - 5*a - 9. What are the prime factors of y(p)?
3, 53
Let m(x) = -x**3 + 42*x**2 - 85*x + 582. List the prime factors of m(33).
2, 3, 421
Let u be 12/(-8)*(-8)/6. Suppose -z + 40 = -4*d, z = -u*d - 0 + 10. List the prime factors of z.
2, 5
Suppose -2*z - 3698 = -5*y, 4*y - 2956 = -2*z + 6*z. Suppose -12*b + y + 3580 = 0. List the prime factors of b.
2, 3, 5
Let r(y) = 2*y**3 + 69*y**2 + 3*y + 247. What are the prime factors of r(-21)?
107, 113
Let v(s) be the first derivative of -s**3/3 - 7*s**2 + 6*s - 13. Let m = -65 - -51. List the prime factors of v(m).
2, 3
Let d be 20/(-50) + 17/5. Suppose 5*g = 4*v - 1, v + d*g - 14 = 7*g. List the prime factors of 515/10 + 3/v.
3, 17
Let v be 3/(15/(-2)) + (-8413)/(-895). Let j(u) = -u**3 + 23*u**2 + 7*u - 1. List the prime factors of j(v).
2, 13, 23
Suppose 3*v - 4*h + 20 = 0, -2*v - 3*h + 0*h = 19. Let u be ((-234)/v)/(3/(-72)*-9). Let r = u + -11. What are the prime factors of r?
67
Suppose 35 = 3*v - 19. Suppose 3*o = -9 - v. What are the prime factors of (-702)/30*30/o?
2, 3, 13
Suppose -2*g - 2*b = -3744, 7*b = -3*g + 8*b + 5636. Suppose 287 = z + 2*w, 5*w = 4*z + 690 - g. What are the prime factors of z?
293
Let u(h) = h**3 + 4*h**2 + 4*h + 6. Let j be u(-4). Let m(x) = x**3 + 10*x**2 + 2*x + 9. Let g be m(j). Let w = 122 + g. What are the prime factors of w?
3, 37
Suppose -474 = -g + 7*g. Let j = 79 + g. Suppose j = 5*c - c - 284. List the prime factors of c.
71
Suppose 16 = 2*c - 2*i - 2*i, 0 = -5*c + 4*i + 46. List the prime factors of (-112)/(-10) + -10 - (-2938)/c.
5, 59
Suppose 2729 = m + 3*m - 3*o, -m + 692 = -4*o. List the prime factors of m.
2, 5, 17
Let q(h) = h**3 + 8*h**2 - 7*h + 13. Let t be 30/105 - (-130)/(-14). Let s be q(t). List the prime factors of -6*s/(-35)*-98.
2, 3, 7
Let a be 5/20 + 9813/12 + -2. Let z = a + -397. List the prime factors of z.
419
Let r be 1110/90 - (0 + (-1)/(-3)). Suppose -q + 3 = 3*z - 6, -2*q = 3*z - r. Suppose 6*d = -z*d + 888. What are the prime factors of d?
3, 37
Suppose 129*d = 110*d + 188404. What are the prime factors of d?
2, 37, 67
Suppose 11*x + 26 = 2*j + 9*x, 5*j = -5*x + 45. List the prime factors of j*42 - (5 - 11).
2, 3, 13
Suppose 46*m - 2*m - 8*m = 255024. What are the prime factors of m?
2, 7, 11, 23
Let k be ((-34)/(-4))/(5/(-235))*-2. Let i = k - 677. What are the prime factors of i?
2, 61
Suppose 